
7
Let j(w) = -3*w + 38. Let x be j(12). What is the highest common divisor of x and 8?
2
Let g be (-2)/4 + (-27)/(-6). Calculate the highest common factor of 12 and g.
4
Let t = 11 - 7. Suppose -t*k - n + 34 = 0, -2*n - 2 = 2. Calculate the highest common divisor of 18 and k.
9
Suppose 8*b + 15 = 11*b. Calculate the highest common factor of 1 and b.
1
Suppose 5*t + 0*t = 65. Calculate the highest common divisor of t and 247.
13
Suppose r = -r - 10, 0 = -3*v + 5*r + 235. Calculate the greatest common divisor of 28 and v.
14
Suppose -2*s = 0, 0*z + 2*s + 196 = 4*z. What is the highest common factor of z and 7?
7
Suppose -93 = -k + 3*a + 45, k - 152 = -4*a. Calculate the greatest common divisor of k and 9.
9
Let j(o) = -5*o**3 - 6*o - 2. Let g be j(-4). What is the highest common factor of 38 and g?
38
Suppose -5*j + 1163 = 2*s, 0*s = j + 5*s - 251. What is the highest common factor of 21 and j?
21
Suppose -2*r + 4*r - 4 = 0. Suppose 0 = 4*s - 6*s + 3*n - 1, 4*n = -2*s + 20. What is the greatest common factor of s and r?
2
Let t = -42 - -78. What is the greatest common divisor of 396 and t?
36
Suppose 7*a - 83 - 29 = 0. Suppose 3*n + 16 = v, 5*n + 28 = 4*v - 8. Let o(w) = w**2 - w - 4. Let t be o(v). Calculate the highest common factor of t and a.
8
Let s be -4 + 7/((-28)/(-360)). What is the highest common factor of s and 129?
43
Suppose -7*q = -6*q - 6. Suppose -5*f - 84 + 4 = 0. Let j be ((-9)/12)/(q/f). Calculate the highest common divisor of j and 3.
1
Suppose 6*l + 2*l - 248 = 0. What is the greatest common divisor of l and 186?
31
Suppose -3*m = -5*m + 22. Let s = -30 + 52. Let l be 6*s*(-1)/(-12). What is the greatest common divisor of l and m?
11
Let w(h) = 149*h**3 + h**2. Let t be w(1). Suppose t = 5*d - o - o, 4*d + 4*o - 120 = 0. What is the highest common divisor of 6 and d?
6
Let d(w) = -4*w**2 - 2*w + 6. Let r(y) = 4*y**2 + 2*y - 7. Let u(v) = -5*d(v) - 4*r(v). Let g be u(2). What is the highest common factor of g and 45?
9
Let v(f) = -f**2 - f + 9. Let g(h) = -h - 13. Let j be g(-11). Let z = j - -2. Let w be v(z). What is the highest common divisor of 81 and w?
9
Let s = 3 - 1. Suppose -3*q - s*h = -6, 2*h + 15 = -q + 7*h. Let g be q - (-9 + 2 + -1). Calculate the highest common factor of 64 and g.
8
Let l = -37 + 45. What is the highest common factor of l and 36?
4
Let m be 55 + (-2 - 1 - -5). Suppose 4*n = -3*p + m, 80 = 2*n + 3*n - 5*p. What is the greatest common factor of 60 and n?
15
Suppose -5*z = 2*n + 7 - 167, 2*n = 10. What is the greatest common factor of 15 and z?
15
Suppose 5*f - 5*w - 34 = 2*f, -3*w = -2*f + 22. Calculate the greatest common divisor of 12 and f.
4
Let q(n) = 3*n**2 - 8. Let c be q(-4). Suppose 5*v - 40 = v. What is the greatest common factor of c and v?
10
Let p(h) = h**3 + 8*h**2 + 8*h + 6. Let y be p(-6). Suppose 0 = 2*z - y + 2. Let m be -3*(-9)/((-108)/(-616)). Calculate the greatest common divisor of z and m.
14
Suppose 95 = y - 3*l, 2*y + l - 154 = -2*l. Suppose -3*m = -4*g + y, -5*g + 3*m = -56 - 47. Calculate the greatest common factor of 60 and g.
20
Let s(j) = 1 + j**2 + 0*j**2 + 0*j**2 + 2*j. Let m be s(-6). What is the greatest common factor of m and 10?
5
Let o = 8 - -1. Let z be (-2)/(-12)*2*9. What is the greatest common divisor of o and z?
3
Let w(i) = -3*i**3 - i - 4. Let z be w(-3). Calculate the highest common factor of 16 and z.
16
Let d be (15/4)/(18/120). What is the highest common factor of 5 and d?
5
Let z(i) = -7*i**2 + i. Let a(f) = -20*f**2 + 2*f + 1. Let b(r) = 2*a(r) - 7*z(r). Let k be b(2). What is the greatest common factor of k and 8?
8
Let v = -2 + 7. Let s be -2*6*v/(-2). Let l(r) = -9*r**3 + 1. Let j be l(-1). Calculate the greatest common divisor of j and s.
10
Let l = -23 - -92. Suppose 5*d - 11 - l = 0. Let j(b) = 8*b**2 + 3*b + 1. Let r be j(-3). What is the highest common divisor of d and r?
16
Let l = 328 + -601. Let i be l/(-11) - (-6)/33. Let d be (-2 + 10/3)/((-1)/(-75)). Calculate the highest common divisor of d and i.
25
Let b be 6/21 + (-78)/(-21). Let x be (b - -15)*(-5 + 0). Let p = 158 + x. What is the greatest common divisor of p and 7?
7
Let t = -24 + 54. What is the highest common factor of 20 and t?
10
Let z(l) = 3*l**2 - 6*l - 8. Let q be z(-7). Let g = 259 - q. Suppose 50 = 4*t - u, -5*u = t - 5*t + 42. Calculate the highest common factor of t and g.
13
Suppose 2*z = -4*t + 8, 4*z - 1 = -3*t - 0*t. Let k = t - -5. What is the greatest common factor of k and 4?
4
Let f be (-2)/(-8) + 60/16. Suppose -u - s + 7 = -0*u, 4 = -f*s. Calculate the highest common factor of u and 4.
4
Let n(j) = -j - 4. Let k(r) = 2*r + 5. Let d(b) = -2*k(b) - 3*n(b). Let s be d(-4). Calculate the highest common factor of 3 and s.
3
Suppose -c + 128 = 3*c. Suppose 46 + c = 3*t. Suppose -3*p + 89 - t = 0. Calculate the highest common divisor of p and 147.
21
Let c be (-1)/2 - 473/(-22). Calculate the greatest common factor of c and 14.
7
Let w(u) = 8 + 6 - 1 + u. Let f be w(-8). Let p = 3 + 2. What is the greatest common divisor of f and p?
5
Suppose -7*l + l + 360 = 0. What is the greatest common factor of 20 and l?
20
Let g be (3/9)/(-1 + 39/36). What is the greatest common divisor of 44 and g?
4
Let c = 66 + 67. Calculate the highest common divisor of c and 19.
19
Suppose -7*i + 21 = -0*i. Calculate the greatest common divisor of 12 and i.
3
Suppose 0*q + 163 = 2*q + 5*c, c + 1 = 0. Calculate the highest common divisor of q and 70.
14
Suppose -4*j + z + 279 = 0, 4*z = -4*j - j + 354. Let d be (6/(-4) + 3)/((-6)/(-40)). Calculate the greatest common divisor of d and j.
10
Suppose 5*c = -4*p + 74, 0 = -3*p + 6*c - 2*c + 40. Calculate the greatest common factor of p and 176.
16
Let j(m) = -m - 6. Let d be j(-9). Let c be d/((5/4)/5). What is the highest common factor of c and 24?
12
Let t = 21 + -6. Let c = -4 - -4. Let s(l) = l**3 + l**2 + l + 10. Let m be s(c). What is the greatest common factor of m and t?
5
Suppose -2*l = -q - 211, l + 0*l - 2*q = 110. Let o be l/6*(6 + -3). Let p = -34 + o. Calculate the greatest common factor of 3 and p.
3
Suppose -3*c - 11 = -83. Suppose -c = -3*s - s. Suppose 2*k + k - 18 = 0. Calculate the greatest common factor of k and s.
6
Suppose z = 2*v + 23, 5*v = -4*z + 5*z - 38. Calculate the highest common divisor of 117 and z.
13
Suppose 20 = 6*c - 11*c. Let x be (-5)/(-2) - 2/c. What is the highest common factor of x and 24?
3
Suppose 67 = 5*m + 3*l, -m + 4*m - 45 = 3*l. Let c be 3/((-9)/(-6)) - -68. What is the highest common factor of m and c?
14
Suppose 0*l - 24 = -2*l. Suppose -4 = 3*u + 5, -4*c + 4*u = -l. Suppose -4 + c = -2*k. What is the greatest common divisor of k and 14?
2
Let h be (-18)/((45/12)/(-5)). Let d = 6 + 0. Let w be (16 + 0)*d/8. What is the greatest common factor of h and w?
12
Let l be (-100)/(-17) + (-4)/(-34). Let y be 100*(0 - l/(-4)). What is the highest common factor of y and 60?
30
Let u = -115 + 163. Let q be (12 - 0)*(1 + 0). Calculate the highest common factor of q and u.
12
Let l = 3 + -3. Suppose 6 = 3*n, -w - 5*n = -l*w - 10. Suppose w = -4*x + 5*x - 1. What is the greatest common factor of 7 and x?
1
Let y be (5 + -3)/((-2)/(-6)). Suppose u + y = 4*u. Calculate the highest common factor of 8 and u.
2
Suppose -2*y + 6 = -y. What is the highest common divisor of y and 6?
6
Suppose 20 = 5*z + 2*c - 5, 5*z = c + 10. Suppose -z*f + 5*f - 20 = 0. Let r = f - 7. Calculate the greatest common factor of r and 3.
3
Suppose 9*o = 12*o - 27. Calculate the highest common divisor of 27 and o.
9
Suppose 5*n - 3*n - 5*y = 5, -5*n - y = -53. Calculate the greatest common divisor of 40 and n.
10
Suppose -2*z + 2 = -0*z. Let p = z + 3. Let o(b) = b**2 + 4*b - 4. Let d be o(-6). Calculate the greatest common factor of p and d.
4
Let z = 4 - 2. Suppose z - 30 = -4*n. What is the greatest common divisor of n and 28?
7
Let x(w) = 6*w**2 + 4*w + 4. Let s be x(-3). Suppose -2*i + s = 16. Calculate the highest common divisor of 135 and i.
15
Let b = 16 - -10. Calculate the highest common divisor of b and 13.
13
Let o = -95 - -207. Let l = o + -72. Calculate the greatest common divisor of l and 16.
8
Let f(i) = i - 11. Let m be f(6). Let r be (11 - 1)*(-2)/m. Let d = r + -3. What is the greatest common factor of d and 